et a(k) = -4*c(k) + s(k). Calculate a(-12).
-2
Let d(o) = 1209*o - 576*o - 626*o - 27. Determine d(5).
8
Let o(i) = -7*i - 8. Let b(j) = 3*j + 4. Let h(s) = -5*b(s) - 2*o(s). Let g be h(-4). Let c(u) = -2 + 11*u + 2 + g*u - 2. Determine c(2).
20
Let k be ((-259)/28)/((-1)/20). Let c(h) = h**3 - 2 - 1 - 3*h**2 + k*h - 182*h. Calculate c(3).
6
Let r(b) = -9049 + b + 9049 - 11*b. Determine r(-1).
10
Let t(u) = u**3 - u**2 + u - 2. Let i be (8/3)/((-26)/(-39)). Let a be 124/341*22/i. What is t(a)?
4
Let m(k) = -4 + 0*k + 2 - 2*k + 2*k**2. Let i = -257153 - -257151. Determine m(i).
10
Let q(p) = 2*p - 10. Suppose 5*t + 84 = 2*n + 18, 3*t + 4*n = -50. What is q(t)?
-38
Suppose 2*y + 15 = 5*y. Suppose m = -5*f - 4*m + y, 2*m - 2 = 5*f. Let l(i) = -9 + 15 - i**2 + f*i**2 - 5 - 2*i**3. Give l(1).
-2
Let v(c) = -10*c + 2. Let d(r) = 8*r - 1. Let n(b) = 6*d(b) + 5*v(b). Let j(l) = 21*l**2 + 2*l. Let z be j(1). Let h = 32 - z. Determine n(h).
-14
Let q(p) = -p - 15. Let a(l) = 30 + 23 - 50. Let d(k) = 6*a(k) + q(k). Let x be 12/2 + (0 - 0). Calculate d(x).
-3
Let c(w) = -w**2 - 3*w - 19. Suppose -41*v - 297 - 75 = -103*v. Determine c(v).
-73
Suppose -7*z = -22 - 6. Suppose -5*i + 16 = -9, 3*i = -z*r - 1. Let j(h) = 8*h - 1. Calculate j(r).
-33
Let p(b) be the first derivative of -b**3/3 - 15*b**2/2 - 55*b + 79. Let c be p(-10). Let q(t) = -3*t - 4*t**2 + 7*t + 7 - t**3 + 2*t. Calculate q(c).
2
Let q(y) be the second derivative of y**5/20 - 7*y**4/12 + 5*y**3/6 + 7*y**2 - 14*y + 3. Let n be (6 - 6) + 2*3. Determine q(n).
8
Let u(s) = -5*s**2 + 9*s + 6. Let d be 3*(-8)/228 - (-93)/(-19). Let v(r) = -4*r**2 + 9*r + 6. Let l(a) = d*u(a) + 6*v(a). Give l(-4).
-14
Let z(p) be the second derivative of p**6/360 - 11*p**5/120 + 3*p**4/8 - 32*p**3/3 + p + 3. Let w(f) be the second derivative of z(f). Give w(8).
-15
Let l(c) be the third derivative of c**6/120 + c**5/60 + c**4/24 - 17*c**3/6 - c**2 - 906. Suppose 4*p = -p. Calculate l(p).
-17
Let u(d) = 56*d - 28 - 4 - 34 + 8*d. What is u(1)?
-2
Let k(n) = 14*n**2 - 2*n + 1. Let f be k(-2). Let x(a) = f*a + 1 - 62*a + 3. Give x(3).
1
Suppose -21 = -4*t + 5*w, 187*w - 190*w = -9. Let c(l) = -4*l. Let m(q) = 5*q. Let d(y) = 6*c(y) + 5*m(y). What is d(t)?
9
Let a(t) = -7*t - 15. Let p(y) = -y. Let s(l) = a(l) - 6*p(l). Let k be (20 - 18)/(((-7)/56*-8)/(-7)). Determine s(k).
-1
Let k be ((-2770)/1939)/(5/14). Let v(z) = 0*z - 3*z + 0*z**3 + z**3 - 5*z**2 - 5 + 9*z**2. What is v(k)?
7
Let f = -1030 - -1034. Let b(d) = 2*d**3 + 5*d**2 - 2*d - 1. Let g(u) = -5*u**3 - 10*u**2 + 4*u + 3. Let v(y) = -7*b(y) - 3*g(y). Determine v(f).
-10
Let t(l) be the second derivative of -13*l**3/6 - 21*l**2 - 85*l - 3. Give t(-6).
36
Let u be (-3 - -7)*-1*(-4)/8. Let r(d) = 23 + 28 - 84 + 13*d**u + d + 31. Calculate r(1).
12
Let y(l) be the first derivative of 2*l**3/3 + 7*l**2 - 2*l - 267. Determine y(-5).
-22
Let i(w) = -w**3 - w**2 - 9*w - 16. Let y be i(-2). Let n(u) = -u**3 + 4*u**2 + 4*u - 1. Calculate n(y).
-49
Suppose 19*h - 4*w = 17*h - 6, 3*h + 15 = 4*w. Let t(y) = 14*y**2 - 3*y - 15*y**2 - 5*y + y + 11. Determine t(h).
-7
Let b(x) be the first derivative of -2 - 1/60*x**5 + 3*x**2 + 0*x + 1/2*x**3 - 1/4*x**4. Let d(q) be the second derivative of b(q). Give d(-6).
3
Let u(d) = d**2 + 2*d - 1. Let g be 6 + 8/(-2) + -2. Suppose -q + 60 - 393 = 4*z, g = 2*q + 2. Let o = z - -79. Give u(o).
7
Let u(v) be the second derivative of -v**6/360 + v**5/120 + v**4/8 + 10*v**3/3 + v - 8. Let f(c) be the second derivative of u(c). Determine f(-3).
-9
Suppose 21 = 123*h - 271*h + 127*h. Let o(b) = -b**3 + 3*b**2 + 20*b + 19. Give o(h).
3
Let t(g) = 17*g - 67. Let i(d) = -19*d + 79. Let r(m) = -8*i(m) - 9*t(m). Determine r(-2).
-27
Suppose 139*v - 140*v - 109 = 0. Let q = -104 - v. Let r(z) = 4*z**2 - 12*z - 7. Let c(t) = 2*t**2 - 6*t - 3. Let k(l) = 5*c(l) - 2*r(l). Determine k(q).
19
Let x(s) be the second derivative of -s**5/20 - 2*s**4/3 + 4*s**3/3 - 13*s**2/2 - 2*s. Let a be 5 - 1/((-3)/51). Suppose -4*d = 58 - a. Determine x(d).
-4
Let w = 545 - 543. Let g(q) = -6*q - 3*q - 5 + 2*q**w + q - q**2 + 6. Calculate g(8).
1
Let f be ((-102)/(-10) - 3) + 7/(-35). Let d(b) be the third derivative of -b**5/60 + 7*b**4/24 + b**3 - 4*b**2 - 17. Determine d(f).
6
Suppose -55*u = -59*u - 2*k + 166, 2*u - 5*k = 65. Let h(g) = -3*g + 127. What is h(u)?
7
Let u(f) be the third derivative of -f**5/60 + 5*f**4/8 + 21*f**3/2 + 2119*f**2. What is u(18)?
9
Let a(x) = -2*x**2 + 14*x + 2. Let r be a(7). Let s(j) = 2 - 2*j + 3 + 5 - 14 + 5. Determine s(r).
-3
Let o be (-5 + (-15 - -17))/(-1). Let t(d) be the first derivative of 3 - d + o*d**4 - 1/3*d**3 + d**2. Give t(1).
12
Let c(o) = 2*o**2 + 6*o + 6. Let j be c(-2). Let m(h) = 1 + 1 - 5*h + j + 11*h**2 - 10*h**2. Determine m(3).
-2
Let j = -5 - -73. Let h = j + -58. Let r(k) = -7 - 11*k + h + 14*k. Give r(-3).
-6
Let q be (3 - 4)*1 - (1 + 1). Let l(c) = -5*c**3 - 22*c**2 + 2*c + 13. Let n(o) = -2*o**3 - 10*o**2 + o + 6. Let y(m) = q*l(m) + 7*n(m). Determine y(3).
-3
Let s be (-28)/(-98) - (-6)/28*-20. Let i(r) be the second derivative of -r**5/20 - 5*r**4/12 - r**3/6 - 5*r**2/2 + 9*r. Give i(s).
-17
Let t(c) = -3*c + 97. Let z be t(30). Let g(l) = -3*l - 5. Let a be g(-4). Let b(x) = 17*x + 2 + 1 - 20*x + a. Give b(z).
-11
Let s(b) = -462*b + 9708. Let f be s(21). Let y(n) = 13*n - 76. Give y(f).
2
Let b(k) = 50*k - 956. Let r be b(19). Let d(h) = h**3 + 9*h**2 + 20*h + 9. What is d(r)?
-3
Let m(v) = -v**2 + 3*v - 18 - 14 - 126 + 118. Determine m(0).
-40
Let x(r) = 3*r**2 - 103*r + 209*r - 104*r. What is x(2)?
16
Suppose -34 + 36 = 2*q. Let r(w) = w**2 + 4*w - 1. Let o(x) = -5*x**2 - 39*x + 21. Let k(f) = q*o(f) + 6*r(f). Give k(12).
-21
Let v(t) = -9*t**2 - 27*t. Let c(y) = 6*y**2 + 14*y + 1. Let s(u) = -5*c(u) - 3*v(u). Determine s(4).
-9
Let g(m) be the first derivative of -115 - 3*m + 2*m**2 + 1/3*m**3. Calculate g(-6).
9
Let k(l) be the third derivative of 1/60*l**5 + 0 - 7/24*l**4 + 0*l**3 + 0*l - 8*l**2. Let i = 9 - 2. Give k(i).
0
Let m(q) be the first derivative of q**2 - 2*q + 1067. Give m(15).
28
Let n(b) = 5*b + 15. Let k(m) be the third derivative of -11*m**4/24 - 16*m**3/3 + 33*m**2 - 1. Let x(o) = 3*k(o) + 7*n(o). Give x(-6).
-3
Let v(y) = 1. Suppose -5*m - g = 0, -7*m - 3*g + 10 = -2*m. Let x(c) = 6*c + 32. Let f(i) = m*x(i) - 3*v(i). Calculate f(-6).
1
Let u = -63 + 58. Let q(w) = -11*w**2 + 4*w + 2. Let v(k) = 7*k**2 - 2*k - 1. Let p(y) = u*v(y) - 3*q(y). What is p(2)?
-13
Let y(n) = -n**3 + 15*n**2 + 19. Suppose 15 = 5*g, -p - 197 = 3*g - 221. Calculate y(p).
19
Let z = -31 - -29. Let b be 1*6/z - -5. Let k(g) = 3*g + 16*g**2 + 11*g**2 - 31*g**2. Determine k(b).
-10
Let n(b) = 12*b**3 - 2*b - 1. Let m(i) = -i**3 - 10*i**2 + 4*i - 4. Let h be m(-8). Let p = h + 163. Calculate n(p).
-11
Let h(a) be the first derivative of -17*a**2 - 4*a**2 - 31 + 22*a**2 + 7*a. Suppose -2*d - 19 + 7 = 0. Calculate h(d).
-5
Suppose 2*j = -2*j - u + 26, 3*u - 6 = 0. Let i(f) = 4*f - f**2 - j*f - f - 5 - 2*f. Let r(y) = 5*y + 31. Let d be r(-7). Calculate i(d).
-1
Suppose 23*c - 39 = -39. Suppose c = 2*k + 4*z - 6*z - 4, -3*z - 11 = 2*k. Let r(s) = -20*s**3 - 2*s**2 - 2*s - 1. Calculate r(k).
19
Let g(c) = 3*c**2 + 15*c. Let s(q) = 16*q**2 + 76*q + 1. Let t(b) = 11*g(b) - 2*s(b). Suppose 4*y = -2*x - 40, y - 19 - 25 = 4*x. Give t(x).
-14
Let b(r) = -3*r + 0*r + 0*r + 2*r + 3*r**2. Suppose 161*a - 15 = 158*a. Suppose -a*o + 24 = 14. Give b(o).
10
Let d be ((-207)/15)/((-3)/30*1). Let v(f) = -68 - 68 + 3*f + d - 2*f**2. What is v(4)?
-18
Let k(u) = 75 - 4*u**2 + 29*u - 30*u**2 - 31*u**2 + 67*u**2. Calculate k(-3).
6
Let h(o) = 7 - 5*o**2 - 5*o**2 + 48*o**3 - 2*o**2 + 5*o**2 - 49*o**3. Suppose 3*l - 19 = a, -2*a - 31 - 3 = -5*l. Calculate h(a).
7
Let o(u) = 61 + 57 - 16*u + 70 + 120. What is o(20)?
-12
Let i(s) be the first derivative of s**2/2 + 24*s - 496. Determine i(-20).
4
Let i(r) = 32*r**2 + 163*r + 142. Let h(w) = -5*w**2 - 27*w - 24. Let y(o) = 13*h(o) + 2*i(o). Give y(-22).
38
Let l(r) = 10*r**3 + 2*r - 1. Let n(q) = 3*q + 145. Let f(p) = 7*p - 286. Let a be f(34). Let z be n(a). Give l(z).
11
Let g(r) = -207*r**2 + 28*r + 41. Let s(m) = -42*m**2 + m - 1. Let j(a) = g(a) - 5*s(a). What is j(-3)?
4
Sup